r?
False
Suppose 0 = -4*z + 3*z + 6. Is z a prime number?
False
Suppose -t + 25 = -6*t, 3*q + 3*t + 15 = 0. Suppose -31 = -5*z + 4*o, 5*o + q*o + 35 = 5*z. Is z a composite number?
False
Suppose 2*u = -3*u + 2405. Is u composite?
True
Let h = -6 + -4. Is (-26)/65 - 194/h composite?
False
Let a be 9 - (-1 - -3 - 3). Let p(q) = q**2 + 2*q - 1. Is p(a) prime?
False
Let x = 30 + 415. Is x a composite number?
True
Suppose -3*w + 661 = 2*a, 3*w + 3*a - 673 = 4*a. Is w prime?
True
Let y = 6 + -2. Suppose 4*j - 141 - 355 = -y*g, -133 = -j - 4*g. Is j a prime number?
False
Suppose -9 = n + 1. Let v(o) = o**2 + 9*o + 5. Is v(n) a composite number?
True
Let h(m) be the first derivative of 9*m**3 - m**2 - 3*m + 2. Let q be h(-3). Suppose -2*d + 625 = 5*v - 7*d, 4*d + q = 2*v. Is v prime?
True
Let r be (-15)/(-6) - 3/6. Suppose -2*o + r = -o. Suppose 75 = 3*d + o*d. Is d composite?
True
Let j be 8 + -3 + -3 + 38. Suppose 2*h - h - j = 0. Suppose -2*m - h + 926 = 0. Is m prime?
True
Suppose 3559 = -4*f - 3*p - 2*p, 4427 = -5*f + p. Suppose 0*a = -4*j + 2*a - 6, -5*a - 3 = -j. Is j/(-5) + f/(-10) a composite number?
False
Let v be (-2)/(-3) - 3794/(-6). Suppose -8*d + 5*d = -v. Is d a prime number?
True
Suppose 7*d = 11*d - 308. Is d composite?
True
Suppose 3*t = 2634 - 225. Is t composite?
True
Let l be (4 - 2) + 0 + -11. Is (-156)/(-24)*(1 - l) a composite number?
True
Suppose -3*f - 4 = -3*p - 28, 0 = 4*f + 2*p - 26. Let a = 58 - f. Is a a prime number?
False
Suppose -2*h - 2*h = 8. Let p(m) = -12*m - 2. Is p(h) composite?
True
Let f = 72 + 233. Is f composite?
True
Suppose 3*d = d. Suppose -3*m + m + 4*u = -136, -3*m - 4*u = -184. Suppose -4*h + 52 = 4*x, 4*h + d*h - m = 2*x. Is h a prime number?
False
Suppose -8*y + 2479 = -13929. Is y composite?
True
Let r = 589 + 1188. Is r composite?
False
Let a(o) = 2*o**2 + 1526. Let i be a(0). Suppose 0 = p - 3*p + 5*g + 768, -4*p + i = -5*g. Is p composite?
False
Let z(p) = 31*p**2 + p + 4. Let b be z(-4). Suppose -4*q - 2 + 22 = 0. Suppose k - 152 = 5*h, -h - b - 144 = -q*k. Is k a prime number?
True
Suppose -467 + 1538 = 9*q. Is q prime?
False
Let t(s) = -s**2 - 253. Let u be t(0). Let f = -463 + 859. Let h = f + u. Is h composite?
True
Let o(z) = 9*z + 34. Let y(b) = 3*b + 11. Let d(l) = 3*o(l) - 8*y(l). Is d(7) a composite number?
True
Let a(n) = -n**2 - 5*n - 8. Let g(d) = 1. Let u(i) = a(i) + 5*g(i). Let k be u(-3). Suppose 0 = 4*j + k*b - 317, -108 = -j - 0*b + 5*b. Is j a composite number?
False
Let k be (-1)/5 - 12384/80. Let s = k - -376. Is s a composite number?
True
Suppose 0 = 2*s + 3*s + 5*o - 2585, 3*o = 2*s - 1059. Let p = s + -229. Is p a composite number?
False
Suppose -7 = -r + 1. Let t(o) = o - 4*o**2 - 12*o**3 + r*o**3 + 0*o**2. Is t(-3) composite?
True
Let z = 460 - 165. Is z composite?
True
Suppose z + 12 = 3*z. Suppose -62 = 4*t - z*t. Is t prime?
True
Suppose 6*y + 2*l - 241 = y, -3 = -l. Is y a composite number?
False
Suppose -51*h - 526 = -53*h. Is h a composite number?
False
Suppose 4*l + 4*q = 244, -l + 220 = 3*l - 4*q. Let u = l - 20. Is u composite?
True
Let u = -324 - -535. Is u a prime number?
True
Suppose 4*z - p = 735, 0*p - 2*p - 730 = -4*z. Is z prime?
False
Suppose 5*i + f + 116 = 317, 5*i - 221 = 4*f. Let d = i - -646. Is d composite?
True
Suppose 4*n - n + 21 = 0. Let x(c) = -5*c + 1. Let r(l) = -l. Let q(g) = -3*r(g) + x(g). Is q(n) composite?
True
Suppose -2*j - 243 = 2*s - 989, 2*s + 5*j = 746. Is s a composite number?
False
Suppose 3*n = -3*j + 18009, 5*j = 2*n - 0*j - 12034. Is n composite?
False
Suppose -4314 = -10*v + 7*v. Is v prime?
False
Let n = 802 + 11. Let t = n - 340. Is t prime?
False
Let s be (-4)/(-10) + 7096/(-40). Let j = -107 + 367. Let q = s + j. Is q a prime number?
True
Suppose -5*d - 637 = 263. Let w = 321 + d. Suppose 2*s - w = -s. Is s a composite number?
False
Let j = -21 - -21. Suppose j*p = 2*p - 222. Is p prime?
False
Let c = 5 - 1. Let z be 2/((-1)/((-30)/4)). Suppose c*r - 37 = g + z, -r = -5*g - 13. Is r a composite number?
False
Let z(u) = 2*u + 2. Let f be z(6). Suppose 2*d = o + 5, 0 = -0*d - 4*d - 2*o + f. Suppose d*r - r = 110. Is r prime?
False
Suppose -4*g + 1162 = -202. Is g composite?
True
Suppose -2*q + 4*i + 1834 = 0, -5*i + 2696 = 3*q - 0*q. Is q prime?
True
Suppose 387 + 861 = 4*l. Suppose -160 = -2*r - 2*t, -r + 4*t + l = 3*r. Is r prime?
True
Suppose 0*g - 2*g = -22. Suppose 0 = v - 3*z - g, -v = -5*z - 5 - 12. Suppose 17 = v*n - k, -64 = -5*n + n - 4*k. Is n a prime number?
True
Suppose 2*b - 156 = 5*b. Let t(z) = -3*z**2 + z - 5. Let o be t(6). Let c = b - o. Is c a prime number?
False
Let o = -1 + 7. Let m(h) = h**3 + h**2 - 7*h + 1. Is m(o) a composite number?
False
Let t = -7 - -9. Suppose 33 + 65 = t*d. Is d prime?
False
Let f be (-1)/(1 - (-8)/(-6)). Suppose 4 = n, -f*m = -2*m - n - 9. Is m a composite number?
False
Suppose p + 3*g - 11 = 0, -2*g + 8 = 2*p + 2. Let v = p + 4. Suppose -d + 212 = v*d. Is d a composite number?
False
Let n = -22 + 7. Is 1910/n*6/(-4) a composite number?
False
Let f = 720 + 347. Is f composite?
True
Let o(z) be the third derivative of z**5/10 + z**4/8 - z**3/6 + z**2. Let b be o(-5). Suppose 2*v = 3*r - 95, v = -6*r + 2*r + b. Is r a composite number?
True
Let z be (-628)/26 - (-24)/156. Let i = 57 + z. Is i a prime number?
False
Let d(j) be the second derivative of -j**4/12 + 7*j**3/6 + 3*j**2 + j. Let l be d(7). Suppose 164 = 2*r + l. Is r a prime number?
True
Let q = 31 - 56. Let t = 122 + q. Is t composite?
False
Suppose 7*k - 2*k = 425. Is k prime?
False
Suppose -5*d + 3*t - 13 = 0, 4*d = -0*t + 5*t. Let p be (19*-1)/(d/(-20)). Let i = -41 - p. Is i composite?
True
Let g(w) = -w**2 + 5*w + 5. Let f be g(5). Suppose 0 = -0*y + f*y - 805. Is y prime?
False
Let j(i) = 20*i**3 + 1. Let k = 20 - 18. Is j(k) composite?
True
Let q(f) = f + 10. Let g(r) = 4*r**3 + 7*r**2 - 5*r - 5. Let d(s) = -7*s**3 - 14*s**2 + 9*s + 11. Let l(c) = 3*d(c) + 5*g(c). Let i be l(-7). Is q(i) prime?
False
Let j(d) = -13*d + 1. Let c be (-3 - -4) + 0 + 0. Let v be 2 + -1 + c + -3. Is j(v) a prime number?
False
Let p be (-19)/(-4) - 3/4. Let b be 2/p*0/(-4). Let w(r) = r**2 - r + 91. Is w(b) prime?
False
Let o = -4614 + 8027. Is o a prime number?
True
Let h(f) = -2 + 2*f - 5*f**2 + 11*f**2 - f + 5*f. Is h(-5) composite?
True
Suppose 3*n - 2*n + 9 = 0. Let s(c) = -c**2 - 11*c - 8. Is s(n) composite?
True
Suppose -3*j - 2*j = -10. Suppose 0 = 3*v + r - 5*r - 268, v = -j*r + 96. Suppose p = -3*p + v. Is p composite?
False
Let u(k) = 1162*k - 6. Let n be u(2). Let r = n + -1371. Is r prime?
True
Suppose o = 3*f - 4*o - 23, -3*f + 21 = -3*o. Is (-1)/f - (-205)/6 prime?
False
Suppose i = -5*d + 5*i + 3, 0 = 4*d + 2*i + 8. Is (3765/(-30))/(d/2) a composite number?
False
Let w(r) = 2*r**2 - r - 4. Let v be w(-5). Let a = v - 4. Is a a composite number?
False
Let f(x) = 74*x**2 + 6*x - 10. Is f(3) prime?
False
Let c(s) = 2*s**2 + 6*s + 1. Let t be c(-4). Suppose t*w - 435 = 6*w. Is w composite?
True
Let a be ((-12)/10)/((-24)/80). Suppose -12 = -0*d - a*d. Is ((-1)/2)/(d/(-282)) a composite number?
False
Let s(b) be the first derivative of 2 + 4/3*b**3 - b**2 - 3*b. Is s(4) a composite number?
False
Suppose 5*g - 79 = -24. Is g a prime number?
True
Let d be 1386/11 - (-1 + -1). Let b = -43 + d. Is b a composite number?
True
Let k = 1595 - 2336. Is 1/4 - k/12 a composite number?
True
Is (-4 - 2384/(-3))/(6/9) a prime number?
False
Suppose -9 = -3*h - 0*h. Let u = 1 + h. Suppose d = u*d - 66. Is d a composite number?
True
Suppose -13*x + 6*x = -30289. Is x a prime number?
True
Suppose x + 5*d + 859 = 3*x, -2*x - d + 853 = 0. Suppose 3*j = 2*p - 63 - 148, 0 = -4*p + 5*j + x. Is p composite?
False
Suppose -h + 14 - 7 = 0. Is h a composite number?
False
Suppose j - 1672 = 3*u - 7*u, -2*u = 2*j - 830. Is u - 4 - (5 + -3) a prime number?
False
Let b = 3734 + -1011. Is b composite?
True
Let d be (-24)/3 - (-2 + 1). Let f = d - -9. Suppose f*l + l - 325 = -5*g, -l - 4*g = -99. Is l prime?
False
Let k(b) = -20*b**2 + b - 2. Let c be k(-3). Let w = 326 + c. Is w prime?
False
Is (-1 + -3)*(494/(-8) - 1) a composite number?
False
Suppose 0*a = 2*k + 2*a - 450, -4*a = 4. Suppose 0*g + 5*g = 3*f - k, 5*g = -2*f + 159. Is f a prime num